t common divisor of 155 and 744.
31
Calculate the greatest common factor of 70 and 320.
10
What is the highest common factor of 9159 and 213?
213
Calculate the highest common factor of 22633 and 13.
13
What is the greatest common divisor of 48 and 60?
12
What is the highest common divisor of 7065 and 36?
9
What is the highest common divisor of 384 and 208?
16
What is the highest common divisor of 470 and 30?
10
What is the greatest common factor of 40 and 320?
40
What is the greatest common divisor of 180 and 30060?
180
Calculate the greatest common divisor of 5068 and 28.
28
Calculate the greatest common factor of 39 and 9.
3
Calculate the highest common factor of 112 and 238.
14
What is the greatest common divisor of 5 and 1055?
5
Calculate the greatest common factor of 336 and 21.
21
What is the highest common divisor of 2 and 40?
2
What is the greatest common factor of 828 and 506?
46
Calculate the greatest common divisor of 240 and 870.
30
What is the highest common factor of 15 and 2495?
5
Calculate the greatest common factor of 39 and 5707.
13
What is the highest common divisor of 27 and 10809?
9
Calculate the highest common divisor of 480 and 75.
15
What is the highest common factor of 117 and 91?
13
Calculate the greatest common factor of 84 and 9030.
42
What is the greatest common factor of 9381 and 177?
177
What is the highest common factor of 315 and 875?
35
Calculate the greatest common factor of 18 and 45.
9
What is the highest common divisor of 880 and 55?
55
What is the highest common factor of 5572 and 14?
14
What is the greatest common divisor of 598 and 46?
46
Calculate the highest common divisor of 16 and 1236.
4
Calculate the highest common divisor of 116 and 290.
58
Calculate the highest common divisor of 207 and 513.
9
What is the highest common factor of 230 and 92?
46
What is the highest common divisor of 945 and 3360?
105
Calculate the highest common factor of 42 and 3654.
42
What is the greatest common divisor of 115 and 46?
23
What is the greatest common factor of 1 and 1?
1
Calculate the greatest common factor of 50 and 20450.
50
What is the highest common factor of 36 and 198?
18
Calculate the greatest common factor of 128 and 448.
64
What is the greatest common divisor of 43940 and 260?
260
Calculate the greatest common factor of 2862 and 848.
106
What is the highest common divisor of 16 and 16?
16
What is the greatest common factor of 292 and 219?
73
What is the highest common divisor of 513 and 54?
27
What is the greatest common divisor of 28 and 161?
7
What is the highest common factor of 32 and 632?
8
Calculate the highest common factor of 119 and 391.
17
Calculate the greatest common divisor of 340 and 20.
20
Calculate the highest common factor of 4207 and 14.
7
Calculate the highest common factor of 58 and 14.
2
Calculate the greatest common divisor of 35 and 25.
5
Calculate the highest common divisor of 328 and 8.
8
Calculate the greatest common factor of 1909 and 1449.
23
What is the greatest common divisor of 817 and 38?
19
Calculate the highest common factor of 288 and 1824.
96
What is the greatest common divisor of 8722 and 14?
14
What is the greatest common factor of 264 and 552?
24
What is the greatest common divisor of 2048 and 160?
32
What is the highest common factor of 35 and 14735?
35
Calculate the highest common divisor of 442 and 238.
34
What is the highest common factor of 559 and 390?
13
What is the greatest common factor of 238 and 126?
14
What is the greatest common divisor of 4760 and 378?
14
What is the greatest common factor of 39 and 16887?
39
What is the highest common factor of 180 and 13380?
60
Calculate the highest common divisor of 105 and 875.
35
Calculate the highest common factor of 7 and 4.
1
What is the greatest common divisor of 20 and 50?
10
Calculate the highest common factor of 100 and 80.
20
Calculate the greatest common factor of 8004 and 1218.
174
Calculate the highest common factor of 99 and 7893.
9
What is the greatest common factor of 121 and 385?
11
Calculate the highest common factor of 270 and 790.
10
Calculate the greatest common factor of 39 and 2028.
39
What is the highest common factor of 3588 and 24?
12
What is the highest common divisor of 18 and 162?
18
What is the highest common factor of 71 and 71?
71
What is the highest common divisor of 3962 and 42?
14
What is the greatest common divisor of 245 and 147?
49
What is the greatest common factor of 55 and 605?
55
What is the highest common divisor of 30 and 54330?
30
Calculate the highest common divisor of 72 and 72.
72
What is the greatest common divisor of 12986 and 906?
302
Calculate the greatest common factor of 31 and 310.
31
What is the highest common divisor of 176 and 319?
11
Calculate the highest common divisor of 200 and 14.
2
Calculate the greatest common divisor of 36 and 108.
36
Calculate the greatest common factor of 688 and 3397.
43
What is the greatest common divisor of 6790 and 350?
70
Calculate the greatest common factor of 714 and 1554.
42
Calculate the highest common factor of 620 and 260.
20
What is the greatest common factor of 3444 and 140?
28
What is the highest common divisor of 160 and 48?
16
What is the greatest common divisor of 40 and 170?
10
What is the highest common divisor of 498 and 6?
6
Calculate the greatest common factor of 532 and 56.
28
Calculate the highest common divisor of 188 and 235.
47
Calculate the highest common divisor of 19332 and 108.
108
Calculate the highest common factor of 999 and 74.
37
Calculate the greatest common divisor of 10951 and 233.
233
What is the greatest common factor of 1008 and 512?
16
What is the greatest common factor of 2 and 214?
2
Calculate the highest common divisor of 1078 and 2450.
98
What is the greatest common factor of 3642 and 6?
6
What is the highest common factor of 30327 and 33?
33
What is the highest common divisor of 48 and 11568?
48
What is the highest common divisor of 84 and 36?
12
Calculate the greatest common divisor of 754 and 58.
58
What is the highest common divisor of 512 and 224?
32
What is the greatest common divisor of 15 and 5835?
15
Calculate the greatest common divisor of 270 and 83700.
270
Calculate the greatest common factor of 2225 and 178.
89
Calculate the greatest common factor of 89147 and 239.
239
Calculate the greatest common factor of 66 and 297.
33
What is the greatest common divisor of 71535 and 285?
285
What is the highest common factor of 176 and 2684?
44
Calculate the greatest common factor of 25 and 6250.
25
What is the greatest common divisor of 14 and 189?
7
Calculate the greatest common factor of 7 and 3493.
7
Calculate the greatest common factor of 20 and 170.
10
Calculate the highest common divisor of 54 and 3537.
27
What is the greatest common factor of 104 and 16?
8
What is the greatest common divisor of 180 and 96?
12
Calculate the highest common factor of 65 and 20.
5
What is the highest common divisor of 3460 and 40?
20
What is the greatest common divisor of 12 and 30?
6
What is the highest common divisor of 8 and 12?
4
What is the greatest common divisor of 12230 and 2?
2
Calculate the greatest common divisor of 92 and 12.
4
What is the highest common factor of 60 and 160?
20
Calculate the highest common factor of 224 and 98.
14
Calculate the greatest common divisor of 4140 and 15.
15
Calculate the highest common factor of 23 and 5267.
23
What is the greatest common factor of 104 and 56?
8
What is the highest common factor of 5324 and 22?
22
Calculate the greatest common factor of 63 and 126.
63
Calculate the greatest common divisor of 923 and 26.
13
What is the highest common factor of 386 and 5983?
193
Calculate the highest common factor of 936 and 208.
104
Calculate the greatest common factor of 105 and 1965.
15
Calculate the greatest common factor of 6 and 294.
6
Calculate the highest common factor of 8 and 5.
1
Calculate the greatest common divisor of 1288 and 28.
28
Calculate the highest common divisor of 4 and 5920.
4
Calculate the greatest common factor of 4 and 8.
4
What is the greatest common divisor of 312 and 117?
39
What is the greatest common factor of 126 and 396?
18
Calculate the greatest common factor of 217 and 616.
7
Calculate the greatest common factor of 71